{"id":3522,"date":"2025-11-13T01:18:15","date_gmt":"2025-11-13T01:18:15","guid":{"rendered":"https:\/\/africansmartphonefilmfest.com\/African-Smartphone-International-Film-Festival\/?page_id=3522"},"modified":"2025-11-28T22:49:11","modified_gmt":"2025-11-28T22:49:11","slug":"pe-ataju-jumali-hot-air","status":"publish","type":"page","link":"https:\/\/africansmartphonefilmfest.com\/African-Smartphone-International-Film-Festival\/pe-ataju-jumali-hot-air\/","title":{"rendered":"Pe ataju jumali \/ Hot Air"},"content":{"rendered":"\n<p><strong>Directed by:<\/strong> Unides contra a coloniza\u00e7\u00e3o: muitos olhos, um s\u00f3 cora\u00e7\u00e3o<br><strong>Runtime:<\/strong> 25:00<br><strong>Country:<\/strong> Brazil<br><strong>Category:<\/strong> International Short Film<\/p>\n\n\n\n<h3 class=\"wp-block-heading\">Synopsis<\/h3>\n\n\n\n<p>Two young indigenous Guarani artists live in the Jaragu\u00e1 Indigenous Land, in S\u00e3o Paulo, and travel on public transportation to teach dance and theater on the Guarani de Tenond\u00e9 Por\u00e3 Indigenous Land. During this trip, they dialogue about everything they see and what they remember. And we follow the paths and thoughts.<\/p>\n\n\n\n<p><\/p>\n","protected":false},"excerpt":{"rendered":"<p>Directed by: Unides contra a coloniza\u00e7\u00e3o: muitos olhos, um s\u00f3 cora\u00e7\u00e3oRuntime: 25:00Country: BrazilCategory: International Short Film Synopsis Two young indigenous Guarani artists live in the [&hellip;]<\/p>\n","protected":false},"author":1,"featured_media":3361,"parent":0,"menu_order":0,"comment_status":"closed","ping_status":"closed","template":"","meta":{"footnotes":""},"class_list":["post-3522","page","type-page","status-publish","has-post-thumbnail","hentry"],"_links":{"self":[{"href":"https:\/\/africansmartphonefilmfest.com\/African-Smartphone-International-Film-Festival\/wp-json\/wp\/v2\/pages\/3522","targetHints":{"allow":["GET"]}}],"collection":[{"href":"https:\/\/africansmartphonefilmfest.com\/African-Smartphone-International-Film-Festival\/wp-json\/wp\/v2\/pages"}],"about":[{"href":"https:\/\/africansmartphonefilmfest.com\/African-Smartphone-International-Film-Festival\/wp-json\/wp\/v2\/types\/page"}],"author":[{"embeddable":true,"href":"https:\/\/africansmartphonefilmfest.com\/African-Smartphone-International-Film-Festival\/wp-json\/wp\/v2\/users\/1"}],"replies":[{"embeddable":true,"href":"https:\/\/africansmartphonefilmfest.com\/African-Smartphone-International-Film-Festival\/wp-json\/wp\/v2\/comments?post=3522"}],"version-history":[{"count":2,"href":"https:\/\/africansmartphonefilmfest.com\/African-Smartphone-International-Film-Festival\/wp-json\/wp\/v2\/pages\/3522\/revisions"}],"predecessor-version":[{"id":3852,"href":"https:\/\/africansmartphonefilmfest.com\/African-Smartphone-International-Film-Festival\/wp-json\/wp\/v2\/pages\/3522\/revisions\/3852"}],"wp:featuredmedia":[{"embeddable":true,"href":"https:\/\/africansmartphonefilmfest.com\/African-Smartphone-International-Film-Festival\/wp-json\/wp\/v2\/media\/3361"}],"wp:attachment":[{"href":"https:\/\/africansmartphonefilmfest.com\/African-Smartphone-International-Film-Festival\/wp-json\/wp\/v2\/media?parent=3522"}],"curies":[{"name":"wp","href":"https:\/\/api.w.org\/{rel}","templated":true}]}}